
Let g(i) = -99*i - 6143. Give g(-65).
292
Let v(h) = h**3 + 4*h**2 - 118*h - 25. Give v(-13).
-12
Let g(x) = -29857*x - 149290. What is g(-5)?
-5
Let j(h) = -h**3 + 280*h**2 + 12801*h - 322. What is j(320)?
-2
Let w(r) = r**2 - 105*r - 1936. What is w(121)?
0
Let m(g) = 278*g + 3492. Give m(-12).
156
Let v(n) = n**3 - 2*n**2 - 7*n - 10. What is v(4)?
-6
Let p(r) = -795*r - 3174. What is p(-4)?
6
Let y(t) = 17*t + 206. Calculate y(-4).
138
Let m(z) = z**3 - 22*z**2 - 72*z - 63. Calculate m(25).
12
Let b(d) = -4*d**3 - 321*d**2 - 73*d - 89. What is b(-80)?
-649
Let w(x) = x**3 - 36*x**2 - 208*x + 22. What is w(41)?
-101
Let z(k) = 19*k**3 - 2*k**2 - 51*k + 54. Calculate z(1).
20
Let r(t) = 91*t + 3656. Give r(-40).
16
Let w(j) = -j**2 - 88*j + 370. Calculate w(4).
2
Let y(q) = -5*q**2 - 54*q - 113. Calculate y(-8).
-1
Let w(p) = p**2 - 9*p + 41. Give w(11).
63
Let p(f) = 43*f**2 - 650*f + 2. Determine p(15).
-73
Let a(g) = -5*g**2 + 303*g - 241. Determine a(60).
-61
Let z(h) = -12*h**3 - 4*h**2 - 5*h - 19. Determine z(-3).
284
Let m(f) = -f**2 + 10*f - 136. Determine m(10).
-136
Let v(h) = -h - 49. What is v(-53)?
4
Let b(g) = 281*g + 1197. Determine b(-6).
-489
Let v(m) = 2*m**2 - 5*m + 64. Give v(7).
127
Let u(j) = -j**3 - 38*j**2 - 172*j - 77. Determine u(-33).
154
Let h(u) = 250*u - 10241. Calculate h(41).
9
Let s(y) = 2*y**3 - 64*y**2 - 1055*y + 7. Calculate s(-12).
-5
Let y(i) = -312*i + 3738. Calculate y(12).
-6
Let g(b) = 10*b**2 - 321*b + 2495. What is g(13)?
12
Let q(f) = 9*f**3 - 1255*f**2 - 699*f - 138. Calculate q(140).
2
Let u(d) = 4*d**2 + 17*d + 20. Calculate u(-4).
16
Let u(h) = 18*h + 857. Calculate u(-48).
-7
Let g(d) = -20*d - 1219. What is g(-60)?
-19
Let d(f) = 205*f**2 - 1640*f + 5. What is d(8)?
5
Let u(q) = -385*q + 3476. Calculate u(9).
11
Let n(k) = 87*k - 1167. Calculate n(12).
-123
Let h(o) = 18*o**2 - 484*o + 14. Give h(27).
68
Let k(p) = p**2 + 3*p - 279. Determine k(-19).
25
Let n(p) = 830*p - 5821. What is n(7)?
-11
Let u(q) = 2*q**3 + 10*q**2 + 36*q + 164. Determine u(-5).
-16
Let m(g) = g**3 + 69*g**2 + 641*g + 204. Determine m(-58).
30
Let y(z) = 6484*z - 25942. Give y(4).
-6
Let l(a) = a**2 + 19*a - 149. Give l(0).
-149
Let s(b) = -b**3 - 16*b**2 + 99*b + 1840. Determine s(-14).
62
Let c(k) = -k**2 - 14*k + 212. Give c(-19).
117
Let z(u) = -154*u - 770. Calculate z(-5).
0
Let o(v) = -2*v**2 - 55*v - 194. Calculate o(-31).
-411
Let v(b) = -b**2 - 454*b - 19840. Determine v(-49).
5
Let p(z) = 3*z**2 + 456*z + 2229. Calculate p(-5).
24
Let w(l) = 79*l - 700. Calculate w(8).
-68
Let v(j) = 2*j**2 + 104*j - 1688. Calculate v(13).
2
Let i(p) = p**3 - 28*p**2 + 42*p - 22. Give i(26).
-282
Let x(y) = y**3 + 11*y**2 - 64*y - 58. Determine x(-15).
2
Let t(q) = q**2 - 32*q + 185. What is t(19)?
-62
Let j(v) = -475*v + 23276. What is j(49)?
1
Let q(x) = x**3 - 16*x**2 - 292. What is q(17)?
-3
Let i(b) = -5*b + 46. Give i(-18).
136
Let w(v) = v**2 + 334*v + 12505. What is w(-43)?
-8
Let m(c) = -8*c**2 - 221*c - 152. Calculate m(-27).
-17
Let a(t) = 431*t + 9028. What is a(-21)?
-23
Let t(y) = -y**2 - 15*y + 17. Determine t(3).
-37
Let f(w) = w**3 + 18*w**2 + 21*w - 21. Calculate f(-14).
469
Let g(k) = -6*k**3 + 2*k**2 + 14*k - 15. Determine g(1).
-5
Let a(l) = 62*l**2 + 192*l + 10. Determine a(-3).
-8
Let q(u) = 11*u**2 + 27*u - 2. Calculate q(-5).
138
Let u(a) = -153*a - 7950. Calculate u(-52).
6
Let r(v) = -12909*v - 64548. Determine r(-5).
-3
Let s(f) = -9*f**2 + 9*f + 106. What is s(4)?
-2
Let o(z) = z**3 - 22*z**2 + 34*z + 119. Give o(20).
-1
Let q(d) = -3*d**3 - 78*d**2 - 75*d - 48. Give q(-25).
-48
Let n(t) = -2*t**3 + 22*t**2 - 9*t - 81. Determine n(10).
29
Let s(m) = 5*m + 227. What is s(-53)?
-38
Let m(b) = -b**3 - 3*b**2 + 13*b + 34. Calculate m(-5).
19
Let c(b) = b - 205. Calculate c(-9).
-214
Let h(y) = -y**3 + 9*y**2 + 25*y + 4. Calculate h(11).
37
Let j(z) = 147*z + 7214. What is j(-49)?
11
Let i(x) = -5*x**3 + 145*x**2 - 393*x + 82. What is i(26)?
4
Let c(n) = -2*n**2 - 174*n - 2057. Calculate c(-72).
103
Let o(s) = 119*s - 1014. Determine o(4).
-538
Let r(c) = -12*c**3 - 4*c - 1. Determine r(2).
-105
Let f(d) = 2*d**2 - 309*d + 2072. Give f(7).
7
Let a(q) = -q**3 - 22*q**2 - 71*q + 2. What is a(-18)?
-16
Let w(q) = 3*q**2 + 13*q + 5. Calculate w(-10).
175
Let r(j) = -123*j + 1826. Give r(15).
-19
Let r(b) = 17*b + 28. Determine r(8).
164
Let d(s) = s**3 - 105*s**2 - 9*s + 1038. What is d(105)?
93
Let y(g) = -20*g + 23. Calculate y(3).
-37
Let f(x) = x**2 + 62*x - 64. Determine f(1).
-1
Let t(k) = -22*k + 646. Give t(16).
294
Let q(a) = a**2 + 15*a + 118. Give q(-9).
64
Let h(s) = s**2 - 34*s + 271. Calculate h(21).
-2
Let p(g) = g**3 - 14*g**2 + 4*g - 24. What is p(14)?
32
Let r(z) = 4*z - 170. Give r(32).
-42
Let t(y) = y**2 + 72*y - 3898. What is t(-108)?
-10
Let d(x) = x**2 - 18*x - 592. Determine d(35).
3
Let u(r) = -6*r**2 + 1553*r + 4668. Determine u(-3).
-45
Let v(w) = -w**3 - 6*w**2 + 67*w + 365. Give v(-9).
5
Let i(r) = -r**3 + 46*r**2 - 202*r + 1431. Give i(42).
3
Let w(d) = -26*d + 229. Calculate w(8).
21
Let u(o) = o**3 + 165*o**2 - 5630*o - 784. Calculate u(-194).
-8
Let z(t) = -t**3 - 79*t**2 + 243*t - 235. Determine z(-82).
11
Let q(v) = -29*v**2 - 22*v + 56. What is q(3)?
-271
Let f(s) = 202*s + 1562. What is f(-8)?
-54
Let r(t) = -1532*t + 3039. What is r(2)?
-25
Let d(y) = 486*y + 52000. Determine d(-107).
-2
Let p(j) = 14*j + 201. Calculate p(-18).
-51
Let w(i) = 16*i - 191. Calculate w(-4).
-255
Let x(r) = -r**3 - 56*r**2 + 244*r - 11. Determine x(4).
5
Let n(r) = -r**3 - 10*r**2 - 9*r - 20. Determine n(0).
-20
Let x(n) = -5784*n - 57860. Calculate x(-10).
-20
Let h(j) = -1860*j - 37204. Give h(-20).
-4
Let c(t) = 6*t**2 + 331*t - 6828. Calculate c(16).
4
Let j(n) = -32*n - 166. Calculate j(-8).
90
Let r(p) = -131*p - 1058. Give r(-8).
-10
Let i(j) = -337*j + 32015. Determine i(95).
0
Let n(z) = -3*z**3 - 2*z**2 + 3*z - 5. What is n(-2)?
5
Let g(p) = -11358*p + 113582. Give g(10).
2
Let t(z) = -z**3 - 23*z**2 + 25*z + 28. Calculate t(-24).
4
Let p(u) = -3*u**2 + 211*u + 578. Give p(73).
-6
Let p(h) = -8*h**2 + 12*h - 15. What is p(7)?
-323
Let u(q) = -4127*q - 107298. What is u(-26)?
4
Let j(b) = 12*b - 269. What is j(25)?
31
Let n(k) = 2*k**3 + 210*k**2 - 7*k - 654. Determine n(-105).
81
Let d(u) = 2*u**2 + 190*u + 280. What is d(-93)?
-92
Let q(p) = 86*p**2 - 78*p - 6. Determine q(1).
2
Let b(s) = -s**2 - 839*s + 22511. Give b(26).
21
Let s(b) = -428*b - 1670. Determine s(-5).
470
Let p(u) = u**3 - 9*u**2 - 4*u - 8. Determine p(10).
52
Let b(p) = 20*p**3 + 260*p**2 - p - 12. Determine b(-13).
1
Let b(k) = 5*k**2 + 75*k + 254. Calculate b(-10).
4
Let d(c) = -c**2 + 264*c - 2433. Give d(9).
-138
Let o(t) = -t**2 + 82*t + 355. What is o(-4)?
11
Let u(a) = -34*a + 169. Give u(13).
-273
Let h(c) = 60*c + 554. Calculate h(-10).
-46
Let q(w) = 51*w + 3386. Give q(-68).
-82
Let k(f) = -f**2 + 41*f + 7585. Calculate k(110).
-5
Let k(g) = -236*g - 1839. Calculate k(-8).
49
Let w(f) = 2*f**3 - 141*f**2 + 69*f + 67. Give w(70).
-3
Let j(s) = 2*s**2 + 273*s - 4375. Give j(-151).
4
Let k(z) = 19*z + 1638. What is k(-90)?
-72
Let x(o) = 93*o + 339. Determine x(-4).
-33
Let b(q) = 86*q**2 - 240*q - 42. Give b(3).
12
Let i(k) = 100*k + 839. Give i(-9).
-61
Let y(d) = -d**3 + 19*d**2 + 93*d - 186. Calculate y(23).
-163
Let q(s) = 2081*s - 151915. What is q(73)?
-2
Let a(q) = -q**3 - 16*q**2 - 4*q - 31. Give a(-16).
33
Let r(g) = g**3 - 23*g**2 - g + 99. Give r(23).
76
Let a(i) = 6*i**3 - i**2 - i. Determine a(-1).
-6
Let n(l) = -l**2 + 76*l - 149. What is n(2)?
-1
Let b(t) = 8*t**2 - 386*t - 1108. Determine b(51).
14
Let l(d) = -d**3 - 16*d**2 + 78*d + 46. Give l(-20).
86
Let h(s) = -s**2 + 778*s - 22431. Calculate h(30).
9
Let l(n) = -n**3 - 12*n**2 + 22*n + 125. Calculate l(-13).
8
Let q(j) = 240*j + 734. Give q(-3).
14
Let c(a) = -a**3 - 27*a**2 - 48*a + 69. Give c(-25).
19
Let z(q) = -374*q - 3740. What is z(-10)?
0
Let o(t) = t**3 + 16*t**2 + 5*t + 1021. Give o(-19).
-157
Let x(r) = -28*r + 99. Determine x(4).
-13
Let g(t) = t**2 - 53*t + 610. Give g(36).
-2
Let s(q) = 5*q**2 + 298*q + 241. Determine s(-59).
64
Let y(g) = -g**2 - 33*g - 264. Determine y(-15).
6
Let s(i) = i**3 + 3*i**2 + 41